 is w(17)?
-1
Let r(i) = 9*i - 106. Determine r(12).
2
Let t(g) = g**2 - 4. What is t(-2)?
0
Let u(l) = -6*l + 12. Determine u(5).
-18
Let j(z) = -z**3 + 6*z**2 - 2*z - 6. What is j(6)?
-18
Let d(o) = -o**3 - 12*o**2 - 12*o - 15. Calculate d(-11).
-4
Let a(z) = 3*z**2 - 7*z + 1. Calculate a(5).
41
Let u(j) = j**3 + 16*j**2 - 21*j + 15. Determine u(-17).
83
Let w(y) = y**2 + y + 2. Determine w(-4).
14
Let f(l) = -l - 18. Calculate f(-19).
1
Let k(m) = -m**2 + 7*m + 93. Give k(13).
15
Let x(m) = -m**2 - 10*m + 30. What is x(-13)?
-9
Let n(m) = -12*m + 16. Calculate n(5).
-44
Let v(u) = -u**2 - 7*u - 4. Calculate v(-6).
2
Let d(o) = -3*o - 42. Determine d(-17).
9
Let o(w) = w**2 - 2*w - 39. Calculate o(-15).
216
Let n(a) = -4*a**2 - 31*a - 53. Determine n(-5).
2
Let p(i) = -i**3 + i**2 - 3*i - 4. Determine p(3).
-31
Let o(x) = -17*x + 1. Calculate o(-13).
222
Let k(r) = -4*r**3 + 3*r**2 - 5*r + 1. Determine k(2).
-29
Let r(z) = 35*z + 24. What is r(-1)?
-11
Let d(o) = o**3 - 4*o**2 - 11*o - 2. Calculate d(6).
4
Let v(c) = c**3 - 3*c**2 + 13*c - 23. Determine v(2).
-1
Let m(h) = -h**3 + 19*h**2 - 16*h - 40. Calculate m(18).
-4
Let i(s) = -s - 55. Calculate i(-30).
-25
Let j(y) = y**3 - 13*y**2 - 20*y + 32. Give j(14).
-52
Let n(z) = -z**2 + 16*z + 125. What is n(22)?
-7
Let r(z) = -z**3 - 11*z**2 + 33*z + 35. Calculate r(-14).
161
Let k(s) = 5*s + 16. Calculate k(-2).
6
Let k(g) = -g**2 + 70*g + 139. Calculate k(72).
-5
Let j(p) = -p**3 - 7*p**2 + 15*p + 17. What is j(-9)?
44
Let x(k) = k**2 + 7*k - 31. Calculate x(-10).
-1
Let f(o) = o**3 + 16*o**2 + 18*o + 54. Calculate f(-15).
9
Let n(b) = b**3 - 18*b**2 - 5*b + 8. Determine n(18).
-82
Let k(f) = -10*f + 12. Calculate k(4).
-28
Let m(l) = -21*l - 402. Determine m(-19).
-3
Let h(b) = b**3 - 16*b**2 - 36*b + 17. Determine h(18).
17
Let z(j) = j**3 - 5*j**2 - 2*j + 9. Give z(3).
-15
Let a(l) = l**3 - 20*l**2 + 36*l - 12. Give a(18).
-12
Let t(j) = -2*j**3 - 2*j - 3. Determine t(-1).
1
Let a(o) = -o**2 + 21*o - 7. Give a(22).
-29
Let w(l) = 6*l + 16. Give w(-7).
-26
Let f(a) = 5*a + 87. Determine f(-17).
2
Let d(n) = n**3 + 11*n**2 - 25*n + 14. What is d(-13)?
1
Let w(p) = 7*p**3 + 2*p**2 - 2*p + 1. Determine w(1).
8
Let j(r) = -r + 15. What is j(8)?
7
Let s(h) = h**3 - 2*h**2 - 6*h + 5. What is s(3)?
-4
Let b(n) = -3*n + 29. Determine b(-3).
38
Let r(d) = 3*d**3 + 25*d**2 - 20*d - 9. Determine r(-9).
9
Let f(a) = -2*a**2 + 2*a - 1. Give f(2).
-5
Let c(i) = -3*i + 38. What is c(8)?
14
Let v(g) = g**3 - 5*g**2 - 2. Calculate v(7).
96
Let b(h) = -31*h - 233. Calculate b(-8).
15
Let v(k) = -k + 25. Calculate v(-5).
30
Let c(k) = 3*k + 62. Determine c(-22).
-4
Let y(q) = q**3 - 9*q**2 - 3*q - 29. Give y(10).
41
Let i(d) = 11*d - 17. Determine i(6).
49
Let m(c) = 21*c + 144. Determine m(-9).
-45
Let f(y) = -y - 2. Give f(-5).
3
Let j(p) = p + 18. What is j(-22)?
-4
Let x(a) = a**2 + 18*a - 3. Calculate x(-5).
-68
Let x(k) = k**3 - 19*k**2 + 75*k + 23. Give x(6).
5
Let o(p) = 12*p + 5. Give o(-2).
-19
Let f(n) = -n**2 + 5*n + 20. Give f(-3).
-4
Let s(q) = -q**3 + 10*q**2 - 6*q - 8. Give s(9).
19
Let c(n) = 2*n**3 + 2*n**2 - 3*n - 5. Give c(-2).
-7
Let r(n) = -2*n**2 - 18*n - 32. What is r(-10)?
-52
Let f(l) = -l**2 - 17*l - 10. What is f(-16)?
6
Let j(n) = -n. Determine j(-4).
4
Let m(x) = -3*x + 18. Determine m(4).
6
Let x(z) = -3*z + 17. Calculate x(6).
-1
Let i(j) = 8*j - 10. What is i(3)?
14
Let z(r) = -r**3 + 7*r**2 + 11*r + 2. What is z(8)?
26
Let i(k) = 2*k**2 - 13*k - 9. What is i(7)?
-2
Let s(m) = -21*m**3 + 1. What is s(-1)?
22
Let a(y) = -y**2 - 45*y - 129. What is a(-3)?
-3
Let h(j) = 2*j**2 - 16*j. Give h(7).
-14
Let q(w) = -w**2 - 7*w + 5. Give q(-5).
15
Let i(a) = -3*a**2 - 4*a - 5. Determine i(-3).
-20
Let p(s) = -s**2 - 10*s + 7. What is p(-11)?
-4
Let c(b) = 103*b**2 + b + 1. Give c(1).
105
Let m(x) = -3*x - 1. Determine m(6).
-19
Let j(z) = 5*z + 13. Determine j(-3).
-2
Let q(v) = 2*v**3 + 119*v**2 + 58*v - 63. Give q(-59).
-4
Let g(b) = b**2 + 11*b + 15. What is g(-9)?
-3
Let m(a) = 2*a**3 - 8*a**2 + 6*a - 3. Give m(3).
-3
Let t(r) = -2*r - 7. What is t(7)?
-21
Let l(r) = r**3 + 2*r**2 - 5*r - 11. What is l(2)?
-5
Let h(f) = -2*f**2 - 59*f - 274. What is h(-24)?
-10
Let v(w) = -6*w**3 + w**2 + 3*w + 2. Determine v(-1).
6
Let a(b) = b**3 - 12*b**2 - 2*b + 12. Give a(12).
-12
Let q(k) = 16*k - 14. Calculate q(4).
50
Let k(n) = -151*n - 759. What is k(-5)?
-4
Let o(i) = 2*i**3 - 5*i**2 - 8*i + 44. Give o(3).
29
Let y(p) = -6*p + 37. Determine y(6).
1
Let u(t) = -t**3 + t + 2. Determine u(2).
-4
Let k(w) = -w + 9. What is k(-3)?
12
Let c(l) = 4*l**2 - 4*l - 6. Calculate c(-2).
18
Let d(z) = z**3 - 6*z**2 + 3*z + 1. Give d(4).
-19
Let r(t) = -7*t - 22. Determine r(-2).
-8
Let u(q) = -6*q**2 + 2*q + 5. Determine u(-1).
-3
Let p(x) = x**2 - 10*x - 97. Calculate p(-6).
-1
Let g(t) = -t**2 + 33*t - 103. Give g(29).
13
Let z(a) = -a**3 - 2*a**2 + 16*a - 8. Give z(-5).
-13
Let h(p) = 16*p - 3. Give h(2).
29
Let w(t) = 2*t**3 + 3*t + 2. Determine w(-1).
-3
Let w(n) = 13*n. Give w(-2).
-26
Let q(l) = l**3 - l**2 - l - 16. Determine q(0).
-16
Let w(t) = 83*t - 2. Calculate w(1).
81
Let l(k) = -k**3 - 5*k**2 - 6*k - 14. Give l(-5).
16
Let o(y) = 2*y**3 - 3*y**2 - y + 1. Give o(-2).
-25
Let y(l) = -l**2 - 5*l + 188. Calculate y(-17).
-16
Let d(p) = -5*p + 1. Give d(-7).
36
Let c(h) = -h**3 - 3*h**2 - 5*h - 6. Give c(-2).
0
Let d(o) = 3*o - 57. Calculate d(23).
12
Let u(h) = 6*h + 56. What is u(-10)?
-4
Let k(d) = d**3 + 5*d**2 + d + 2. Determine k(-4).
14
Let u(j) = -13*j - 73. Give u(-5).
-8
Let l(v) = -14*v + 9. Calculate l(6).
-75
Let l(s) = -89*s + 358. Calculate l(4).
2
Let q(h) = 2*h**2 - 96*h + 1050. Calculate q(31).
-4
Let u(b) = -11*b + 5. Determine u(2).
-17
Let k(f) = f**2 - 20*f + 82. Calculate k(13).
-9
Let v(x) = -x**3 + 17*x**2 - 17*x + 9. What is v(16)?
-7
Let d(y) = y - 3. Give d(-11).
-14
Let m(c) = -3*c - 16. Determine m(-12).
20
Let m(g) = -2*g**2 - 6*g + 1. Determine m(-6).
-35
Let o(b) = 3*b - 13. What is o(6)?
5
Let p(l) = -l**2 - 10*l - 1. Calculate p(-4).
23
Let t(b) = 5*b - 5. Give t(3).
10
Let l(u) = u**2 + 12*u + 7. Calculate l(-5).
-28
Let c(t) = 6*t - 11. What is c(3)?
7
Let w(v) = -v**2 + 24*v - 68. Give w(21).
-5
Let u(g) = g**3 - 12*g**2. What is u(12)?
0
Let g(n) = -n + 14. What is g(-12)?
26
Let n(v) = v**2 - 16*v + 18. Give n(15).
3
Let m(p) = p**3 + p**2 - 11*p + 23. What is m(2)?
13
Let k(l) = -5*l**3 + 2*l**2 + 3*l - 20. What is k(3)?
-128
Let g(p) = 3*p**3 - 86*p**2 - 30*p + 25. What is g(29)?
-4
Let f(y) = -y**3 - 35*y**2 - 95*y + 33. Calculate f(-32).
1
Let d(p) = 3*p + 38. Calculate d(0).
38
Let i(u) = -u**3 - 4*u**2 + 7*u - 13. Give i(-6).
17
Let n(d) = -d**2 - 5*d - 1. Determine n(-6).
-7
Let z(c) = -8*c - 3. What is z(-5)?
37
Let r(y) = -y**3 - 10*y**2 + 25*y + 13. Determine r(-12).
1
Let h(t) = t**2 + t + 1. Calculate h(-1).
1
Let s(d) = -2*d + 29. Determine s(12).
5
Let r(l) = -5*l**2 - 75*l + 4. Calculate r(-15).
4
Let c(l) = -l**2 + 6*l - 1. What is c(8)?
-17
Let f(j) = -j**2 + 23*j - 107. What is f(6)?
-5
Let b(i) = i**3 - 7*i**2 + 7*i + 8. Determine b(5).
-7
Let b(o) = -2*o**3 - 23*o**2 - 22*o - 1. Determine b(-11).
120
Let q(z) = -z**2 + 20*z + 17. Determine q(21).
-4
Let d(f) = -2*f**2 - 12*f - 2. Calculate d(-6).
-2
Let r(o) = 4*o + 6. What is r(-7)?
-22
Let q(l) = -l**2 + 16*l - 62. Calculate q(10).
-2
Let x(n) = -n. What is x(-1)?
1
Let a(j) = 4*j**2 + j - 2. Give a(2).
16
Let x(b) = -b**3 + 2*b**2 + 2*b + 3. Determine x(3).
0
Let b(q) = -q**3 + 2*q**2 + 15*q - 7. Calculate b(5).
-7
Let r(q) = q**3 - 8*q**2 - 9*q + 4. Give r(9).
4
Let n(t) = t**3 - 10*t**2 + 21*t - 28. Determine n(8).
12
Let b(v) = -v**2 + 10*v - 7. What is b(8)?
9
Let b(p) = 2*p**3 - 15*p**2 + 9*p + 13. What is b(7)?
27
Let c(r) = -r**3 - 8*r**2 - 5*r + 11. Determine c(-7).
-3
Let q(v) = -v**2 + 8*v - 4. Give q(7).
3
Let x(p) = 8*p**2 + 31*p + 6. Give x(-3).
-15
Let o(g) = -5*g + 24. Calculate o(6).
-6
Let j(l) = l**2 - 14*l. Calculate j(10).
-40
Let l(x) = -x**3 + x**2 - 3*x - 3. Calculate l(0).
-3
Let p(s) = -s**3 + 3*s**2 + s + 2. Determine p(4).
-10
Let n(h) = h**2 - 2*h - 2. Determine n(5).
13
Let s(p) = p - 5. What is s(4)?
-1
Let s(q) = -2*q**2 + 4*q - 11. What is 